e remainder when 84284144 is divided by 45.
44
What is the remainder when 102430 is divided by 8980?
3650
What is the remainder when 67229 is divided by 56?
29
What is the remainder when 19093428 is divided by 89?
80
What is the remainder when 7661444 is divided by 55?
54
Calculate the remainder when 6347646 is divided by 5203.
5189
Calculate the remainder when 1136241 is divided by 89.
67
Calculate the remainder when 25538038 is divided by 1980.
1978
Calculate the remainder when 186687270 is divided by 1542870.
0
Calculate the remainder when 76512 is divided by 1119.
420
What is the remainder when 8387768 is divided by 964?
4
Calculate the remainder when 6350498 is divided by 831.
827
What is the remainder when 233911 is divided by 41?
6
What is the remainder when 3977861 is divided by 3977850?
11
What is the remainder when 1287601 is divided by 643792?
17
Calculate the remainder when 685394 is divided by 342527.
340
Calculate the remainder when 27723839 is divided by 32.
31
Calculate the remainder when 149192 is divided by 9921.
377
What is the remainder when 521557 is divided by 318?
37
Calculate the remainder when 637410806 is divided by 87.
86
Calculate the remainder when 3411088 is divided by 1136919.
331
What is the remainder when 91046 is divided by 30055?
881
Calculate the remainder when 14120147 is divided by 76.
31
Calculate the remainder when 566970 is divided by 121.
85
What is the remainder when 60421 is divided by 704?
581
What is the remainder when 318121704 is divided by 75?
54
Calculate the remainder when 5326473 is divided by 1408.
9
What is the remainder when 6654883 is divided by 554571?
31
What is the remainder when 3117469 is divided by 179?
5
Calculate the remainder when 2711104 is divided by 1149.
613
What is the remainder when 634625 is divided by 629?
593
What is the remainder when 102565091 is divided by 332?
331
Calculate the remainder when 5531704 is divided by 27.
25
Calculate the remainder when 603105 is divided by 3260.
5
Calculate the remainder when 397712 is divided by 427.
175
Calculate the remainder when 903470 is divided by 225781.
346
Calculate the remainder when 19085774 is divided by 4771441.
10
What is the remainder when 373346 is divided by 564?
542
What is the remainder when 23632905 is divided by 7877633?
6
Calculate the remainder when 1900411 is divided by 3409.
1598
What is the remainder when 233769 is divided by 1402?
1037
Calculate the remainder when 48346605 is divided by 215.
200
What is the remainder when 66278 is divided by 255?
233
What is the remainder when 1460768 is divided by 837?
203
What is the remainder when 176211110 is divided by 239?
234
What is the remainder when 334162 is divided by 14522?
156
Calculate the remainder when 21659414 is divided by 383.
381
Calculate the remainder when 62076346 is divided by 1190.
1186
Calculate the remainder when 237498 is divided by 33901.
191
Calculate the remainder when 3734019 is divided by 61.
26
What is the remainder when 1052269 is divided by 419?
160
Calculate the remainder when 1120131 is divided by 1121.
252
Calculate the remainder when 909152 is divided by 909112.
40
What is the remainder when 3268222 is divided by 191?
21
Calculate the remainder when 428055 is divided by 42782.
235
Calculate the remainder when 22172626 is divided by 4434523.
11
What is the remainder when 690364 is divided by 31379?
26
What is the remainder when 67811240 is divided by 447?
446
Calculate the remainder when 1330310 is divided by 166288.
6
What is the remainder when 3454411 is divided by 111428?
143
What is the remainder when 2195781 is divided by 8748?
33
Calculate the remainder when 8071344 is divided by 1050.
1044
Calculate the remainder when 37235764 is divided by 2526.
2524
Calculate the remainder when 102841993 is divided by 25.
18
Calculate the remainder when 74750 is divided by 4385.
205
What is the remainder when 727875 is divided by 4456?
1547
What is the remainder when 841327 is divided by 420623?
81
What is the remainder when 20809440 is divided by 41786?
12
Calculate the remainder when 319340 is divided by 31427.
5070
Calculate the remainder when 1189038 is divided by 297258.
6
Calculate the remainder when 674097 is divided by 29244.
1485
Calculate the remainder when 6024532 is divided by 1204900.
32
Calculate the remainder when 714829 is divided by 1421.
66
Calculate the remainder when 410397159 is divided by 489.
486
Calculate the remainder when 97076607 is divided by 24269145.
27
Calculate the remainder when 1134215 is divided by 186.
173
What is the remainder when 18819164 is divided by 1461?
23
What is the remainder when 4396513 is divided by 1217?
709
What is the remainder when 294065 is divided by 183?
167
Calculate the remainder when 1312120205 is divided by 56.
53
Calculate the remainder when 138280 is divided by 1310.
730
Calculate the remainder when 1583792 is divided by 93.
2
What is the remainder when 890503 is divided by 693?
691
Calculate the remainder when 375400 is divided by 22076.
108
What is the remainder when 4436415 is divided by 114?
105
Calculate the remainder when 461279 is divided by 15.
14
Calculate the remainder when 93042 is divided by 92977.
65
What is the remainder when 26014854 is divided by 812?
810
What is the remainder when 628346 is divided by 1343?
1165
What is the remainder when 10418 is divided by 1712?
146
Calculate the remainder when 174592982 is divided by 19399219.
11
What is the remainder when 23690382 is divided by 69270?
42
What is the remainder when 105948758 is divided by 40?
38
Calculate the remainder when 22594 is divided by 1332.
1282
Calculate the remainder when 607069 is divided by 1900.
969
What is the remainder when 10691703 is divided by 25?
3
What is the remainder when 26132091 is divided by 84026?
5
Calculate the remainder when 770119 is divided by 26.
25
What is the remainder when 479837130 is divided by 139447?
3
What is the remainder when 1607862 is divided by 41227?
9
What is the remainder when 865111 is divided by 153?
49
What is the remainder when 494787 is divided by 247367?
53
What is the remainder when 15060 is divided by 4666?
1062
Calculate the remainder when 7318611 is divided by 996.
3
What is the remainder when 3549106 is divided by 154245?
1471
What is the remainder when 829194 is divided by 300?
294
What is the remainder when 691367 is divided by 230061?
1184
What is the remainder when 300997 is divided by 2?
1
What is the remainder when 279681 is divided by 25419?
72
What is the remainder when 432044731 is divided by 216022361?
9
What is the remainder when 353012 is divided by 2479?
994
What is the remainder when 544908 is divided by 2994?
0
What is the remainder when 45129839 is divided by 39692?
35
Calculate the remainder when 585763 is divided by 1495.
1218
Calculate the remainder when 36976485 is divided by 19.
15
What is the remainder when 123825 is divided by 8565?
3915
Calculate the remainder when 92188 is divided by 1068.
340
What is the remainder when 250334 is divided by 17870?
154
What is the remainder when 132452 is divided by 1189?
473
Calculate the remainder when 6772232 is divided by 742.
740
What is the remainder when 146419 is divided by 441?
7
What is the remainder when 47368959 is divided by 857?
855
What is the remainder when 53827 is divided by 1238?
593
Calculate the remainder when 55692 is divided by 55685.
7
What is the remainder when 518173 is divided by 9394?
1503
Calculate the remainder when 3170044 is divided by 3801.
10
Calculate the remainder when 481742 is divided by 23904.
3662
Calculate the remainder when 4376079 is divided by 3779.
3776
What is the remainder when 5707087 is divided by 50956?
15
What is the remainder when 94893 is divided by 94885?
8
What is the remainder when 1252976 is divided by 24566?
110
What is the remainder when 763980 is divided by 50912?
300
What is the remainder when 8698211 is divided by 112?
67
Calculate the remainder when 108842157 is divided by 34.
31
What is the remainder when 18018743 is divided by 84?
71
Calculate the remainder when 155116 is divided by 155080.
36
What is the remainder when 10171 is divided by 8802?
1369
Calculate the remainder when 167894 is divided by 352.
342
What is the remainder